 the remainder when s is divided by 3?
0
Let z = 2 - 6. Let s(l) = -2*l**2 + 5*l**2 + 6 + 3*l - 2*l**2. Calculate the remainder when 29 is divided by s(z).
9
Let s(t) = t**3 - t**2 - t. Let g be s(2). Let q be -9 + 11 - 1*3. Calculate the remainder when 5 is divided by g/2 + (-1)/q.
1
Let z be 2/8 - 14/(-8). Let g = -2 + z. Suppose g = -3*k + 3 + 30. Calculate the remainder when 31 is divided by k.
9
Suppose -6*h + 8*h + 6 = 0. What is the remainder when h + 1 - 24/(-3) is divided by 4?
2
Suppose 0 = 3*x + 4*q - 88, x - 2*q - 3*q - 23 = 0. Calculate the remainder when 195 is divided by x.
27
Suppose -3*z - 3*a = -51, 2*a + 17 = z - 0*a. Suppose 0 = -3*x - 5*d - 40 + 159, 4*x + d - 136 = 0. Calculate the remainder when x is divided by z.
16
Let x = 212 + -116. Suppose -x = 2*l - 8*l. What is the remainder when l is divided by 9?
7
Suppose w + 1 = -2*m - 4, -4*w - 5*m - 8 = 0. Suppose -7*t = -8*t - w. What is the remainder when 9 is divided by t/(-12) + (-46)/(-8)?
3
Suppose 5*l = 3*a + 463, 0*l + 5*l - a = 471. Suppose -4*c + 9*c = l. What is the remainder when 37 is divided by c?
18
Let r(j) = -j**3 - j + 22. Suppose 0 = -5*l - 3*z + 4, -2*l - 6 = -4*z - 18. Suppose 18 = 5*w - l*w. Calculate the remainder when r(0) is divided by w.
4
Let t = 95 - 83. What is the remainder when (-4)/1*(-44)/8 is divided by t?
10
Suppose 0 = 2*q + 3*x - 53 - 124, -5*x - 387 = -4*q. What is the remainder when q is divided by 32?
29
Let t(h) = h + 11. Let q be t(-8). Suppose -2*r - q*a + 4 = -153, 3*r - 237 = -4*a. What is the remainder when r is divided by 17?
15
Let f be (-10)/(-45) - (-302)/18. Let u = -10 + f. What is the remainder when 20 is divided by (-6)/21 + 51/u?
6
Let f = 31 - -1. Calculate the remainder when f is divided by 7.
4
Let z = 1 - -19. What is the remainder when z is divided by 12?
8
Let o = -3 - -6. Suppose 0 = -p - 4*q - 35, o*p - 3*q = -126 - 24. What is the remainder when -1 + (-1)/(1/p) is divided by 16?
14
Suppose -f - 3*l = -11, -8*f = -3*f + 3*l - 115. What is the remainder when 102 is divided by f?
24
Let o = 176 + -109. Calculate the remainder when o is divided by 34.
33
Suppose -4*p - 8 = 4*h, 3*p = -p - 3*h - 3. Suppose 2*v - 23 - 3 = 0. Calculate the remainder when (75/9 - 0)*p is divided by v.
12
Suppose -z = 3*a - 9, -5*a = 4*z - 3 - 19. Suppose o + z*o + 8 = 0. Calculate the remainder when 22 is divided by (24/(-14))/(o/14).
10
Suppose 3*g - 5*m = -5, 2*m + 13 = 5*g - m. Suppose 0 = 5*x, 10*q - g*q - 5*x + 30 = 0. Let i = -4 - q. Calculate the remainder when i is divided by 1.
0
Let r be 2*(-4 - -1)/1. Let v(i) be the second derivative of -i**3/6 + 3*i**2 + 10*i. What is the remainder when 22 is divided by v(r)?
10
Let v = 5 + 0. Suppose 0 = v*i - i - 8. Calculate the remainder when 3 is divided by i.
1
Suppose -3*w + 112 = 22. Calculate the remainder when w is divided by 11.
8
Let t(q) = -2*q + 3. Suppose -4*s = -4*h - 52, -h = -2*h - 5. Calculate the remainder when t(-6) is divided by s.
7
Suppose -7 = -3*j - 2*r + 156, -3*r - 69 = -j. Calculate the remainder when j is divided by 10.
7
Suppose -s + 10 = z - 1, 4*z = 5*s + 62. Let l = -3 - -27. Calculate the remainder when l is divided by z.
11
What is the remainder when 12 is divided by ((-45)/21)/(-5)*7?
0
Suppose l - 6 = -2*l. Suppose 49 = -d + l*d. Calculate the remainder when d is divided by 13.
10
Let n be 0 + -5 - (0 + 0). What is the remainder when 17 is divided by (0 - (-3 - -4))*n?
2
Suppose 6*n - 94 = 32. What is the remainder when n is divided by 22/6*(2 + 1)?
10
Let j be ((-12)/8)/(1/(-6)). Suppose -4*w = -127 + 23. Calculate the remainder when w is divided by (-3)/(j/(-21))*2.
12
Suppose -25 = -2*r - 5*d, 6*r - r - 71 = -4*d. What is the remainder when r is divided by 3?
0
Let l = 0 - 0. Let n = 6 - l. Suppose 8*v - 5*v = 30. Calculate the remainder when v is divided by n.
4
Suppose -k = 2*k - 39. Suppose m = 12 + k. What is the remainder when 48 is divided by m?
23
Let y be -1 - (2 - 0 - 8). Suppose 3*z - y*k = 4*z + 37, -2*k = 5*z + 162. Let r = -13 - z. What is the remainder when r is divided by 7?
5
Suppose -2*d - 598 = -d. Calculate the remainder when 0/2 + d/(-13) is divided by ((-6)/5)/(15/(-200)).
14
Let n = -5 + 13. What is the remainder when 30 is divided by n?
6
Suppose 5*w = -4 + 14. Calculate the remainder when (-1 - -1) + (2 - -41) is divided by -2*(-2 + (-11)/w).
13
Suppose -13 - 8 = -3*p. Let c be 6/21 - (-19)/p. Suppose f + 0*f - 3*q - 10 = 0, 0 = -3*q + c. Calculate the remainder when 38 is divided by f.
12
Let x be 28/(-6)*9/(-3). Let w(i) = 5*i + 1. Let d be w(-2). Let j = d + x. Calculate the remainder when 14 is divided by j.
4
Let x(t) = -t**3 - 16*t**2 - 20*t - 12. What is the remainder when x(-15) is divided by 13?
11
Suppose 0 = -5*y - 5*r + 170, 2*r = y + r - 32. What is the remainder when y is divided by 17?
16
Let g = 32 - -16. Let l = g - 33. What is the remainder when 43 is divided by l?
13
Let c = -9 + 20. Let j(a) = 3 - 6 + 0 + c*a. What is the remainder when j(3) is divided by 8?
6
Let d = -6 + 10. Let z(r) = r**3 - 8*r**2 + 2*r + 10. Calculate the remainder when z(8) is divided by (-2)/(d + -2)*-9.
8
Suppose 2*s - 108 = 3*u, -8 = -3*u + u. Suppose 0*o + s = 5*o. Calculate the remainder when 23 is divided by o.
11
Let m(n) = n**2 + 2. Let c be (-4)/12 + (-2)/(-6). Let k be m(c). What is the remainder when 11 is divided by ((0 - -2) + 0)*k?
3
Let s = -1 - -4. Suppose o + s*o = 364. Calculate the remainder when o is divided by 23.
22
Suppose 5*z + 3 = 13. Suppose 4*i = 5*p + 15, 0 = z*i + 5*p - 74 + 29. What is the remainder when (12/(-10))/((-1)/15) is divided by i?
8
Let i(a) = a**2 + 6*a - 4. Let n be i(-7). Suppose n*r - 6 = 21. What is the remainder when 32 is divided by r?
5
Let r = 76 - 46. Calculate the remainder when r is divided by (-165)/75*-5*1.
8
Suppose 53 = 5*t + s, 2 = t - 3*s + 1. Calculate the remainder when t is divided by 6.
4
Suppose 0 = 2*d + d - 129. What is the remainder when d is divided by 11?
10
Calculate the remainder when 15*(0 + 1) + 2 is divided by ((-50)/30)/(2/(-6)).
2
Let s(x) = -4*x - 10. Calculate the remainder when 36 is divided by s(-5).
6
Suppose -31 = 2*k + 5*b - 81, 3*k + b = 49. Suppose -p - 5*j + 0*j + 14 = 0, 4*j = 5*p - 157. What is the remainder when p is divided by k?
14
Suppose z + 3 = -3*a, 3*z - z + 5*a + 8 = 0. Let f = 19 + z. Calculate the remainder when f is divided by 4.
2
Suppose 2*u + 7 - 23 = -2*f, -2*f - 17 = -u. Suppose -i - 8*n = -4*n - 27, -2*i - 4*n = -58. Calculate the remainder when i is divided by u.
9
Suppose 40*d = 39*d + 205. Calculate the remainder when d is divided by 52.
49
Suppose 26 - 6 = 4*s. Suppose -5*i = s*w - 105, 5*w + 0*w - 5*i = 135. What is the remainder when w is divided by 13?
11
Suppose -57 = -6*c + 87. Suppose -a = -3*a + c. Calculate the remainder when 46 is divided by a.
10
Suppose 5*w + 5*j - 195 = -0*w, -3*w = 5*j - 115. Suppose 0*l + b = 5*l - 80, -w = -4*l - 4*b. Calculate the remainder when 28 is divided by l.
13
Let v(k) = -k**2 - 18*k + 14. Let s = -20 - -4. What is the remainder when v(s) is divided by 8/(4/2)*4?
14
Let w(y) = -5*y**2 - 5*y + 4. Let b(o) = o**2 + o - 1. Let q(t) = -9*b(t) - 2*w(t). Calculate the remainder when q(5) is divided by 8.
7
Let f = -29 - -45. Let b(u) = 9*u + 1. What is the remainder when b(5) is divided by f?
14
Let h(t) = -t**2 - 5*t + 6. Let s be h(-6). Let c = s + 2. Suppose g + g = c. What is the remainder when 1 is divided by g?
0
Suppose 336 + 126 = 14*j. What is the remainder when 62 is divided by j?
29
Suppose 0 = -y + 1 + 1. Let w = 0 + y. Suppose 4*r - 3*d - 184 = 0, w*r = 4*d + 86 + 6. Calculate the remainder when r is divided by 16.
14
Suppose -3*w = -5*c + 77, -3*c - 2*w + 5 = -2*c. Calculate the remainder when 38 is divided by c.
12
Suppose h - 18 = -2*h. Calculate the remainder when h is divided by 3.
0
Suppose 421 = 4*d + 97. Suppose -17*h + 14*h = -d. What is the remainder when 107 is divided by h?
26
Suppose 4*o + 12 = 5*a + 3, -3*a + 2 = o. What is the remainder when a/(-2)*2/(-1) is divided by 2/2 + 0 + 0?
0
Let l(z) = -z**3 - 6*z**2 - 2*z - 13. Let p be l(-6). Let g = -3 - -5. Let s = g + p. Calculate the remainder when s is divided by 1.
0
Let p(x) = -x - 1. Let s be p(-3). Suppose 